{"id":330,"date":"2017-01-02T11:42:06","date_gmt":"2017-01-02T09:42:06","guid":{"rendered":"http:\/\/socrates.de\/?page_id=330"},"modified":"2022-11-18T13:44:20","modified_gmt":"2022-11-18T11:44:20","slug":"handicraft","status":"publish","type":"page","link":"https:\/\/socrates.de\/?page_id=330","title":{"rendered":"Handicraft"},"content":{"rendered":"<h1 style=\"text-align: center;\"><span style=\"font-family: 'times new roman', times, serif;\"><a href=\"https:\/\/www.handicraft.de\/\" target=\"_blank\" rel=\"noopener\">&nbsp;&nbsp; <img loading=\"lazy\" decoding=\"async\" class=\"alignnone wp-image-381\" src=\"https:\/\/socrates.de\/wp-content\/uploads\/2017\/01\/handicraft_lot_fix.gif\" alt=\"\" width=\"264\" height=\"159\"><\/a><\/span><\/h1>\n<p><\/p>\n<h4 style=\"text-align: center;\">HANDICRAFT f\u00fcr Windows<\/h4>\n<h4 style=\"text-align: center;\">Das au\u00dfergew\u00f6hnliche Handwerkersystem<\/h4>\n<p><strong>Innovative modular aufgebaute Branchensoftware f\u00fcr <\/strong><strong>Handwerksbetriebe des Behaupt- und Nebengewerbes<\/strong><\/p>\n<ul class=\"ftext\">\n<li>Auftragsbearbeitung<\/li>\n<li>Zahlreiche Zusatzmodule, wie Nachkalkulation (Baustellenabrechnung), Reparaturverwaltung, Kundendienstverwaltung u.v.m.<\/li>\n<li>zahlreiche Schnittstellen (Gaeb, Beuth, Datanorm, Datev u.v.m.)<\/li>\n<li>spezielle Branchenmodule, z.B.\n<ul>\n<li>Schnittstelle zu CG-Online von SHK<\/li>\n<li>ELDANORM-\/ZEHV-Norm f\u00fcr Elektroinstallateure<\/li>\n<li>Holzlistenprogramm f\u00fcr Tischler<\/li>\n<li>und und und<\/li>\n<\/ul>\n<\/li>\n<li>Finanzbuchhaltung<\/li>\n<li>Lohnbuchhaltung<\/li>\n<\/ul>\n<hr>\n<p>Weitere Informationen und eine kostenlose Demo-CD erhalten Sie unter <a href=\"https:\/\/www.handicraft.de\/\">www.handicraft.de<\/a><br>oder nat\u00fcrlich durch Kontaktaufnahme mit uns handicraft@socrates.de<\/p>\n\n","protected":false},"excerpt":{"rendered":"<p>&nbsp;&nbsp; HANDICRAFT f\u00fcr Windows Das au\u00dfergew\u00f6hnliche Handwerkersystem Innovative modular aufgebaute Branchensoftware f\u00fcr Handwerksbetriebe des Behaupt- und Nebengewerbes Auftragsbearbeitung Zahlreiche Zusatzmodule, wie Nachkalkulation (Baustellenabrechnung), Reparaturverwaltung, Kundendienstverwaltung u.v.m. zahlreiche Schnittstellen (Gaeb, Beuth, Datanorm, Datev u.v.m.) spezielle Branchenmodule, z.B. Schnittstelle zu CG-Online von SHK ELDANORM-\/ZEHV-Norm f\u00fcr Elektroinstallateure Holzlistenprogramm f\u00fcr Tischler und und und Finanzbuchhaltung Lohnbuchhaltung Weitere Informationen und &hellip; <\/p>\n<p><a class=\"more-link btn\" href=\"https:\/\/socrates.de\/?page_id=330\">Weiterlesen<\/a><\/p>\n","protected":false},"author":1,"featured_media":0,"parent":0,"menu_order":0,"comment_status":"closed","ping_status":"closed","template":"","meta":{"footnotes":""},"class_list":["post-330","page","type-page","status-publish","hentry","nodate","item-wrap"],"_links":{"self":[{"href":"https:\/\/socrates.de\/index.php?rest_route=\/wp\/v2\/pages\/330","targetHints":{"allow":["GET"]}}],"collection":[{"href":"https:\/\/socrates.de\/index.php?rest_route=\/wp\/v2\/pages"}],"about":[{"href":"https:\/\/socrates.de\/index.php?rest_route=\/wp\/v2\/types\/page"}],"author":[{"embeddable":true,"href":"https:\/\/socrates.de\/index.php?rest_route=\/wp\/v2\/users\/1"}],"replies":[{"embeddable":true,"href":"https:\/\/socrates.de\/index.php?rest_route=%2Fwp%2Fv2%2Fcomments&post=330"}],"version-history":[{"count":23,"href":"https:\/\/socrates.de\/index.php?rest_route=\/wp\/v2\/pages\/330\/revisions"}],"predecessor-version":[{"id":7156,"href":"https:\/\/socrates.de\/index.php?rest_route=\/wp\/v2\/pages\/330\/revisions\/7156"}],"wp:attachment":[{"href":"https:\/\/socrates.de\/index.php?rest_route=%2Fwp%2Fv2%2Fmedia&parent=330"}],"curies":[{"name":"wp","href":"https:\/\/api.w.org\/{rel}","templated":true}]}}